 2496 and 181428?
156
What is the highest common divisor of 1404334 and 506?
46
What is the highest common factor of 70847 and 349?
349
Calculate the highest common divisor of 60186 and 126.
42
Calculate the highest common factor of 114 and 893.
19
Calculate the greatest common factor of 578 and 73066.
34
What is the highest common divisor of 140201 and 85728?
893
Calculate the greatest common factor of 3528 and 6713.
49
Calculate the highest common factor of 145 and 517070.
145
What is the greatest common factor of 378456 and 288?
24
What is the highest common factor of 4420 and 3740?
340
What is the highest common divisor of 728 and 597324?
364
What is the greatest common divisor of 13824 and 621?
27
What is the highest common divisor of 147 and 264579?
21
What is the highest common factor of 144 and 220256?
16
What is the greatest common factor of 629 and 282791?
37
What is the greatest common divisor of 72 and 54870?
6
Calculate the greatest common divisor of 45 and 19089.
9
What is the highest common divisor of 262798 and 1182?
394
What is the highest common factor of 29568 and 723184?
1232
What is the highest common divisor of 25494 and 84?
42
What is the highest common factor of 28520 and 51520?
920
Calculate the highest common divisor of 81 and 19854.
9
Calculate the highest common divisor of 2538 and 46671.
141
Calculate the greatest common divisor of 896 and 2801408.
128
What is the highest common divisor of 263 and 40239?
263
What is the highest common factor of 55 and 155815?
55
Calculate the greatest common divisor of 6 and 11762.
2
Calculate the highest common factor of 432 and 136944.
432
Calculate the highest common divisor of 9359 and 196.
49
What is the highest common divisor of 32022 and 1107?
27
Calculate the highest common divisor of 5497 and 12667.
239
Calculate the highest common divisor of 52151 and 352.
11
Calculate the highest common divisor of 117775 and 1575.
175
Calculate the highest common divisor of 26 and 19357.
13
Calculate the greatest common factor of 1379927 and 1382.
691
What is the highest common divisor of 136 and 22389?
17
Calculate the greatest common divisor of 6902 and 13328.
238
Calculate the highest common divisor of 1903 and 794243.
173
What is the greatest common factor of 52851 and 237?
237
What is the highest common factor of 804 and 85559?
67
Calculate the greatest common factor of 14375 and 1955.
115
What is the highest common divisor of 56 and 48538?
14
What is the greatest common divisor of 1379 and 11623?
197
What is the highest common divisor of 92376 and 11160?
72
What is the greatest common divisor of 6951 and 462?
21
What is the greatest common divisor of 11020 and 5046?
58
What is the greatest common factor of 136352 and 24?
8
What is the greatest common divisor of 66 and 1502204?
22
Calculate the highest common factor of 1537908 and 12.
12
What is the greatest common divisor of 328 and 2535440?
328
What is the greatest common divisor of 1476 and 4068?
36
What is the highest common divisor of 666 and 441225?
333
Calculate the greatest common factor of 35810 and 10.
10
Calculate the greatest common factor of 69 and 37365.
3
Calculate the highest common factor of 215584 and 44.
4
Calculate the highest common divisor of 1043 and 4768.
149
What is the greatest common divisor of 225 and 15550?
25
Calculate the highest common factor of 1525221 and 14796.
1233
What is the greatest common divisor of 1999905 and 15?
15
What is the greatest common divisor of 13881 and 2121?
21
What is the greatest common factor of 205125 and 375?
375
What is the greatest common divisor of 87 and 3540001?
29
What is the greatest common divisor of 15 and 607305?
15
What is the highest common factor of 115 and 1591715?
115
What is the highest common factor of 15 and 3455?
5
What is the greatest common divisor of 51 and 29703?
3
Calculate the greatest common factor of 28507 and 435.
29
Calculate the highest common factor of 94270 and 2134.
22
Calculate the greatest common divisor of 32 and 179.
1
Calculate the highest common divisor of 195580 and 22.
22
Calculate the greatest common factor of 47190 and 17589.
429
What is the highest common divisor of 114517 and 1915?
383
What is the highest common divisor of 8 and 77036?
4
What is the greatest common divisor of 150 and 6102?
6
What is the greatest common factor of 27160 and 105560?
280
Calculate the greatest common factor of 165 and 14835.
15
What is the highest common factor of 95499 and 1572?
393
Calculate the highest common divisor of 12 and 156516.
12
What is the highest common divisor of 930 and 556791?
93
What is the greatest common factor of 7811 and 73?
73
What is the highest common divisor of 513 and 140391?
171
Calculate the greatest common factor of 1710 and 64440.
90
Calculate the highest common factor of 8 and 22648.
8
What is the greatest common factor of 323326 and 82?
82
What is the highest common factor of 658099 and 19251?
713
Calculate the greatest common divisor of 330 and 160710.
330
What is the greatest common divisor of 36 and 26044?
4
Calculate the greatest common divisor of 10 and 139730.
10
What is the highest common factor of 8 and 26744?
8
What is the greatest common factor of 60 and 55716?
12
What is the highest common divisor of 1449 and 145797?
69
Calculate the greatest common divisor of 8 and 1052672.
8
What is the highest common divisor of 589 and 39587?
31
Calculate the highest common divisor of 41433 and 2163.
21
What is the highest common factor of 860 and 54825?
215
Calculate the greatest common divisor of 1136 and 97412.
284
What is the highest common divisor of 1683558 and 12?
6
Calculate the highest common factor of 316656 and 648.
216
Calculate the greatest common factor of 109714 and 66.
22
Calculate the highest common factor of 112309 and 19665.
437
Calculate the greatest common divisor of 25927 and 297.
11
What is the highest common factor of 311 and 18038?
311
What is the greatest common factor of 2173 and 28991?
53
What is the highest common factor of 260 and 120?
20
Calculate the highest common factor of 220 and 913.
11
Calculate the greatest common factor of 410 and 260.
10
What is the highest common factor of 82 and 307459?
41
Calculate the highest common factor of 13 and 17339.
1
What is the highest common factor of 62224 and 208?
16
Calculate the greatest common divisor of 2 and 427820.
2
Calculate the highest common divisor of 4660 and 372101.
233
What is the greatest common factor of 3015 and 62505?
45
Calculate the greatest common factor of 183 and 262239.
183
What is the highest common divisor of 27608 and 896?
56
Calculate the greatest common divisor of 16327608 and 33.
33
Calculate the highest common divisor of 66023 and 927.
103
What is the greatest common factor of 48 and 1161?
3
What is the highest common divisor of 345 and 20?
5
What is the highest common factor of 13394 and 76744?
362
Calculate the greatest common divisor of 51388 and 580.
116
Calculate the highest common factor of 6399 and 3969.
81
Calculate the greatest common factor of 13289 and 685.
137
Calculate the greatest common divisor of 1413 and 186987.
471
What is the greatest common factor of 1901796 and 2672?
668
What is the greatest common factor of 95354 and 3058?
278
Calculate the greatest common divisor of 75 and 13269.
3
Calculate the highest common factor of 4061624 and 56.
56
Calculate the greatest common divisor of 676 and 20761.
13
Calculate the greatest common factor of 198 and 4818.
66
What is the greatest common divisor of 682843 and 7?
7
What is the highest common divisor of 443116 and 188?
188
What is the highest common divisor of 1276 and 39208?
116
Calculate the greatest common factor of 1376 and 3612.
172
Calculate the greatest common divisor of 99680 and 28.
28
Calculate the greatest common factor of 900 and 1450.
50
What is the greatest common factor of 119 and 86309?
17
What is the highest common divisor of 8874 and 20358?
522
What is the highest common factor of 17 and 723809?
17
What is the greatest common factor of 1248 and 74016?
96
Calculate the greatest common divisor of 2261 and 10472.
119
Calculate the greatest common divisor of 55 and 913.
11
What is the highest common divisor of 72224 and 61?
61
Calculate t